s the tens digit of n?
2
Suppose -3*b + 14 = -109. Suppose 2*x - 4*k + 46 = 0, 9 = 2*x + 3*k + 62. Let f = x + b. What is the tens digit of f?
1
Let m be 58/(-8) - (-5)/20. What is the units digit of 465/35 - (-2)/m?
3
Suppose -2 - 8 = -5*h. Suppose 0*q - 80 = -5*q - 2*t, 64 = 3*q - h*t. What is the units digit of q?
8
Let d(p) = -2*p**3 + p**2 + 2*p. Let u be d(2). Let k = u + 3. Let w = 2 - k. What is the units digit of w?
7
Suppose o - 34 - 159 = -2*u, 3*u + 3*o - 294 = 0. What is the units digit of u?
5
Let j = 3 + -3. Suppose 4*h - 4*i = -j*i + 12, -31 = -2*h - 3*i. What is the units digit of h?
8
Let x = 29 + -14. Let s = 2 + x. Suppose 3*d = 4 + s. What is the units digit of d?
7
What is the units digit of -2*((-2)/4 - 0)?
1
Suppose -2*a = 2*q + q - 21, -4 = 2*a - 2*q. What is the units digit of 15 + 2 + (-9)/a?
4
Let s(i) be the first derivative of -i**3/2 - i**2/2 - 2*i - 2. Let f(c) be the first derivative of s(c). What is the units digit of f(-3)?
8
Suppose 0 = -2*c + 173 - 27. What is the units digit of c?
3
Let n be -32*10*(-3)/24. Let d = n - 16. What is the tens digit of d?
2
Let r(t) = -4*t + 5. Let i be r(-7). Suppose -2*f + i = f. What is the tens digit of f?
1
Let p = -10 + 15. Let m(j) = 14*j**2 - 12*j - 10*j**2 + 9 - p*j**2. What is the tens digit of m(-11)?
2
Suppose 2*x - 5*b - 3 = 4*x, 0 = x + 5*b + 4. Let w(n) = 29*n**3 - 2*n**2 + 2*n - 1. What is the units digit of w(x)?
8
Let i = 133 + -76. What is the units digit of i?
7
Suppose -2*j + 35 = -5*n, n - 6 = -2*j - 1. Let u = -4 + j. What is the units digit of u?
1
Let c(g) = -g + 8. Let f be c(11). Let h be -1*(0 + -1)*-3. What is the units digit of h + 27/3 + f?
3
Suppose -3*y + 72 = -0*y - 2*w, 0 = 2*y + 2*w - 48. Suppose -4*c - 16 = -0*q - 4*q, y = 5*q - 3*c. What is the units digit of q?
6
Let h(c) = c - 2. Let a be h(6). Suppose -5*x + 31 = a*t, x = 5*t - x - 14. Suppose -t*l = -2*g - 0*l + 18, -l = -4*g + 57. What is the tens digit of g?
1
Suppose -2*w = 3*w - 5. Let a be (w - -8) + -2 + 0. Suppose n = -1, 1 - a = -5*r - 4*n. What is the units digit of r?
2
Let h(y) = -3*y + 6. What is the units digit of h(-2)?
2
Suppose -23*t = -4*b - 21*t + 634, -3*b = -4*t - 468. What is the hundreds digit of b?
1
Let c(g) = 18*g + 4*g**2 - 18*g. Let h(f) = -f**3 + 6*f**2 + 6*f + 8. Let l be h(7). What is the units digit of c(l)?
4
Suppose -5*w + 3*w = -158. What is the units digit of w?
9
Let v(a) = -3*a - 6. Suppose -l - 21 = -4*b, 0 = 5*b - 3*b + 3*l - 7. Suppose 0 = -b*j - 31 + 11. What is the units digit of v(j)?
6
Suppose 0 = -4*z + 8 + 52. What is the tens digit of z?
1
Let r(s) = -s + 2. Let g be r(2). Suppose 3*z - 15 = -g*z. Suppose 10 = h - z*d + 1, 0 = h - 2*d - 6. What is the units digit of h?
4
What is the units digit of (-1)/(((-18)/(-15))/(-6))?
5
Suppose -15 = 4*n - 3. Let z = n + 19. Suppose 5*c = h + 17, 0 = -5*h - c + 3 + z. What is the units digit of h?
3
Let r(f) be the second derivative of -7*f**3/6 - f**2 + 3*f. What is the tens digit of r(-2)?
1
Suppose u + 4*u - 60 = 0. Let s be ((-2)/3)/(10/105). Let w = u - s. What is the units digit of w?
9
Let k = -7 - -16. What is the units digit of ((-6)/k)/((-3)/81)?
8
What is the units digit of (-422)/(-10) - (-10)/(-50)?
2
Suppose 0 = s - 3 - 0. Suppose -o = -s*o. Let j = 6 - o. What is the units digit of j?
6
What is the tens digit of (-5904)/(-44) + -2 + 40/22?
3
Suppose -2*x = 2*o - 418, -599 - 8 = -3*o + x. What is the hundreds digit of o?
2
Suppose 7*u - 234 = u. What is the tens digit of u?
3
Let a be 2/(-6) + (-20)/(-6). Let n(t) = t + 3. What is the units digit of n(a)?
6
What is the tens digit of (0/(-2) - 1)*-63?
6
Let p(f) = -2*f - 1. Let s be p(-2). Suppose 27 = s*u - 12. What is the tens digit of u?
1
Let b be 1/((-3)/(-9)) + 1. Let o be (b + -2)*3/(-6). What is the units digit of 9 - (2 - (o - -1))?
7
What is the hundreds digit of (-1005)/(-4) - (-5 - 126/(-24))?
2
Let b be 9*(2 - 15/9). Suppose -31 = -b*g + z, -g = -4*z - 21 - 4. What is the units digit of g?
9
Suppose s + 2*q + 8 = 0, -s - q - 7 = -4. Suppose 2*t - 8 = -s*h, 0 = 2*t + 2*t + h - 22. What is the units digit of t?
6
Let h(m) = 6*m**2 - m. Let f be h(1). Suppose 3*p = 7 - 4, 0 = d + f*p - 4. What is the units digit of (d - -2) + 7 + -4?
4
What is the tens digit of 105/(-42)*(142/(-5) + 0)?
7
Let i(b) = -34*b**2 - 3*b - 2. Let o be i(-1). Let p = -17 - o. What is the units digit of p?
6
Let b(z) = -9*z**2 - 3*z + 5. Let j be b(2). Let p = 81 + j. What is the units digit of p?
4
Let p be (-22)/4*(-4 - -2). Suppose -u + p = -7. What is the tens digit of u?
1
Let x(b) = b. Let h(y) = 2. Let g(c) = -2*h(c) - 4*x(c). Let p be g(-5). Suppose 6*n - 2*n = p. What is the units digit of n?
4
Suppose 7*g - 3*u - 74 = 2*g, 0 = 5*g + 4*u - 53. What is the units digit of g?
3
Let o = -201 - -347. What is the units digit of o?
6
Let u(p) = p + 4. Let v be u(-4). Suppose s + 2*b - 18 = 15, v = 2*b - 10. What is the tens digit of s?
2
Suppose -2*a - 2*q + 8 = -a, -5*a - 3*q = -33. Suppose -24 = -a*f + 3*f. What is the units digit of f?
8
Let r(l) = 16*l - 21. Let c(z) = 3*z - 4. Let t(p) = -11*c(p) + 2*r(p). What is the units digit of t(-7)?
9
Let b(v) = 12*v - 21. What is the tens digit of b(9)?
8
Suppose a - 29 = 30. What is the tens digit of a?
5
Let l(r) = 12*r - 3. Suppose 2*y = 7 + 1. Let o be l(y). Suppose 5*v + o = 3*d, 0 = -2*d - v + 4*v + 29. What is the tens digit of d?
1
Suppose 0 = -4*a - 5 - 11. Let x be (1*-10)/(a/2). Suppose -5*p - 30 = -x*w, w + 5*p - 33 = -3*w. What is the units digit of w?
7
Let i = -9 - -15. Suppose -m - i*l - 17 = -l, 0 = 3*m + 2*l - 1. Suppose a = -x, a - m*x - x - 5 = 0. What is the units digit of a?
1
Let t(v) = v**2 + v + 8. Let c be -1 + 1 + -3 + 3. What is the units digit of t(c)?
8
Suppose 5*x + 4 = 94. What is the tens digit of (-4)/x - (-820)/45?
1
Let d = 32 + -23. What is the units digit of d?
9
Let s(a) = -2*a**3 + 5*a**2 + a + 3. What is the tens digit of s(-3)?
9
Let y(i) = i - 2. Let f be 2/((-2)/4 + 1). What is the units digit of y(f)?
2
Suppose 0 = -3*s + 5*d + 7, -3 - 15 = -4*s - 2*d. Suppose 4*w = -3*b + 45, -s*w = -b - 3*b - 24. What is the units digit of w?
9
Let j = 80 - 56. Suppose 4*s - 3*q - q + 8 = 0, 3*s + 3*q = j. Suppose -5*p = s - 63. What is the tens digit of p?
1
Suppose -11*t + 7*t = -52. What is the tens digit of t?
1
Suppose -3*p = -10 - 143. Let n = -34 + p. What is the tens digit of n?
1
Suppose 3*j + 3*q = 222, -5*j + 212 = -4*q - 113. What is the tens digit of j?
6
Suppose -f - 3*g = 6, -5*f + g - 41 + 11 = 0. Let d = f + 10. Let t = d - 1. What is the units digit of t?
3
Let q(t) = t + 9. Let h(w) = -2*w. Let m(c) = -c - 3. Let x be m(-5). Let r be h(x). What is the units digit of q(r)?
5
Suppose -4*g + 1 = -7. What is the units digit of g/(-2)*3/(-3)?
1
Suppose 0*h = -3*h + 9, z - h + 57 = 0. What is the units digit of ((-2)/(-6))/((-6)/z)?
3
What is the tens digit of -1*(-2 - (3 - -18))?
2
What is the tens digit of (44 + (2 - 0))*1?
4
Let i(p) = 8*p - 6. What is the tens digit of i(6)?
4
Suppose -40*m = -35*m - 355. Let n = m + -13. What is the tens digit of n?
5
Let b(j) = 19*j**2 - 2*j + 8. What is the units digit of b(2)?
0
What is the units digit of 15/2*64/40?
2
What is the tens digit of ((-120)/18)/((-1)/6*4)?
1
Let y(t) = -t**2 + 14 + 16*t - 4 + 0*t**2. Let k be y(7). Suppose -18 + k = 5*a. What is the units digit of a?
1
Let j = -4 - -6. Let u = 12 + -9. Suppose -u*r + 2*s = -12, -2*s - 8 = -j*r - 0*r. What is the units digit of r?
4
Suppose -n = 3*n + 16. What is the units digit of n/(-12) - 35/(-3)?
2
What is the tens digit of (-20)/(2 + (-120)/55)?
1
Let k(s) = 3*s. Let x be k(3). Let l = x - 7. Suppose 30 = 3*u + 3*t, -4*u = t - l*t - 35. What is the units digit of u?
9
Let v = 27 - 15. What is the units digit of v?
2
Let z be ((-12)/(-2 - -4))/1. Let h(n) = -n**3 - 7*n**2 - 6*n + 3. Let p be h(z). Suppose 0 = 4*t - 27 + p. What is the units digit of t?
6
Let g(l) = 2*l**2 + 12*l - 12. What is the tens digit of g(-9)?
4
Let y(j) = j**3 - 3*j + 2. Let r be y(2). Suppose 0*s - 12 = -2*s. Suppose 2*c - s = r*f + 2, 0 = -5*f. What is the units digit of c?
4
Suppose -2*d - 6 + 16 = 4*l, -5*d + 4*l + 39 = 0. Let s = 2 - 0. Let w = s + d. What is the units dig